ime factors of 1260.
2, 3, 5, 7
What are the prime factors of 28968?
2, 3, 17, 71
List the prime factors of 4641.
3, 7, 13, 17
List the prime factors of 3269.
7, 467
What are the prime factors of 736?
2, 23
List the prime factors of 1115.
5, 223
List the prime factors of 4122.
2, 3, 229
List the prime factors of 1640.
2, 5, 41
List the prime factors of 2931.
3, 977
What are the prime factors of 120427?
120427
What are the prime factors of 67278?
2, 3, 11213
List the prime factors of 17889.
3, 67, 89
List the prime factors of 6479.
11, 19, 31
What are the prime factors of 850?
2, 5, 17
List the prime factors of 16122.
2, 3, 2687
List the prime factors of 21278.
2, 10639
What are the prime factors of 7549?
7549
What are the prime factors of 3841?
23, 167
What are the prime factors of 7623?
3, 7, 11
What are the prime factors of 109468?
2, 27367
List the prime factors of 7448.
2, 7, 19
What are the prime factors of 2922?
2, 3, 487
What are the prime factors of 716?
2, 179
What are the prime factors of 3707?
11, 337
List the prime factors of 131394.
2, 3, 61, 359
List the prime factors of 760.
2, 5, 19
List the prime factors of 3554.
2, 1777
List the prime factors of 90627.
3, 17, 1777
List the prime factors of 789.
3, 263
What are the prime factors of 63807?
3, 21269
What are the prime factors of 38870?
2, 5, 13, 23
What are the prime factors of 18472?
2, 2309
What are the prime factors of 3421?
11, 311
List the prime factors of 337.
337
What are the prime factors of 55441?
55441
What are the prime factors of 5757?
3, 19, 101
What are the prime factors of 688?
2, 43
What are the prime factors of 2078?
2, 1039
What are the prime factors of 4271?
4271
List the prime factors of 746.
2, 373
List the prime factors of 73.
73
What are the prime factors of 1467?
3, 163
List the prime factors of 598.
2, 13, 23
What are the prime factors of 1457?
31, 47
List the prime factors of 75350.
2, 5, 11, 137
List the prime factors of 9164.
2, 29, 79
List the prime factors of 4428.
2, 3, 41
List the prime factors of 5350.
2, 5, 107
What are the prime factors of 5732?
2, 1433
List the prime factors of 41888.
2, 7, 11, 17
What are the prime factors of 1540?
2, 5, 7, 11
List the prime factors of 8276.
2, 2069
What are the prime factors of 1443?
3, 13, 37
List the prime factors of 39366.
2, 3
What are the prime factors of 23367?
3, 7789
List the prime factors of 9149.
7, 1307
List the prime factors of 1019.
1019
What are the prime factors of 5034?
2, 3, 839
What are the prime factors of 720?
2, 3, 5
List the prime factors of 389.
389
What are the prime factors of 585?
3, 5, 13
List the prime factors of 2185.
5, 19, 23
What are the prime factors of 133099?
167, 797
List the prime factors of 690.
2, 3, 5, 23
List the prime factors of 1880.
2, 5, 47
List the prime factors of 2154.
2, 3, 359
List the prime factors of 4928.
2, 7, 11
What are the prime factors of 64015?
5, 7, 31, 59
List the prime factors of 1268.
2, 317
List the prime factors of 3154.
2, 19, 83
What are the prime factors of 16245?
3, 5, 19
List the prime factors of 147.
3, 7
List the prime factors of 109603.
13, 8431
What are the prime factors of 4182?
2, 3, 17, 41
List the prime factors of 36303.
3, 12101
What are the prime factors of 31939?
19, 41
What are the prime factors of 9392?
2, 587
What are the prime factors of 88696?
2, 11087
What are the prime factors of 10674?
2, 3, 593
What are the prime factors of 128862?
2, 3, 7159
List the prime factors of 11490.
2, 3, 5, 383
What are the prime factors of 2120?
2, 5, 53
What are the prime factors of 3471?
3, 13, 89
List the prime factors of 679.
7, 97
What are the prime factors of 896?
2, 7
What are the prime factors of 15576?
2, 3, 11, 59
What are the prime factors of 48614?
2, 109, 223
List the prime factors of 5522.
2, 11, 251
List the prime factors of 605.
5, 11
What are the prime factors of 631?
631
List the prime factors of 4866.
2, 3, 811
What are the prime factors of 760?
2, 5, 19
List the prime factors of 31539.
3, 10513
What are the prime factors of 24578?
2, 12289
List the prime factors of 95645.
5, 11, 37, 47
What are the prime factors of 593?
593
List the prime factors of 37706.
2, 17, 1109
What are the prime factors of 7160?
2, 5, 179
What are the prime factors of 1602?
2, 3, 89
List the prime factors of 15627.
3, 5209
List the prime factors of 28510.
2, 5, 2851
List the prime factors of 202.
2, 101
What are the prime factors of 8214?
2, 3, 37
List the prime factors of 4469.
41, 109
List the prime factors of 1737.
3, 193
What are the prime factors of 9113?
13, 701
What are the prime factors of 3873?
3, 1291
List the prime factors of 3422.
2, 29, 59
What are the prime factors of 16722?
2, 3, 929
What are the prime factors of 2141?
2141
What are the prime factors of 2833?
2833
What are the prime factors of 11485?
5, 2297
What are the prime factors of 707?
7, 101
What are the prime factors of 26939?
11, 31, 79
List the prime factors of 21677.
53, 409
What are the prime factors of 1004?
2, 251
What are the prime factors of 32549?
11, 269
What are the prime factors of 85367?
19, 4493
List the prime factors of 4343.
43, 101
List the prime factors of 595.
5, 7, 17
What are the prime factors of 22436?
2, 71, 79
What are the prime factors of 24286?
2, 12143
What are the prime factors of 1784?
2, 223
What are the prime factors of 897?
3, 13, 23
What are the prime factors of 718?
2, 359
What are the prime factors of 10291?
41, 251
List the prime factors of 28257.
3, 9419
List the prime factors of 74102.
2, 7, 67, 79
List the prime factors of 1880.
2, 5, 47
What are the prime factors of 1912?
2, 239
What are the prime factors of 1364?
2, 11, 31
What are the prime factors of 1132?
2, 283
List the prime factors of 2006.
2, 17, 59
What are the prime factors of 643?
643
List the prime factors of 2145.
3, 5, 11, 13
List the prime factors of 22165.
5, 11, 13, 31
List the prime factors of 66016.
2, 2063
List the prime factors of 14244.
2, 3, 1187
List the prime factors of 1036.
2, 7, 37
What are the prime factors of 4219?
4219
What are the prime factors of 5640?
2, 3, 5, 47
List the prime factors of 24931.
107, 233
List the prime factors of 336.
2, 3, 7
List the prime factors of 10120.
2, 5, 11, 23
List the prime factors of 26622.
2, 3, 17, 29
List the prime factors of 89084.
2, 22271
List the prime factors of 2561.
13, 197
List the prime factors of 575.
5, 23
What are the prime factors of 35931?
3, 7, 29, 59
List the prime factors of 41042.
2, 20521
What are the prime factors of 3282?
2, 3, 547
List the prime factors of 963.
3, 107
List the prime factors of 13573.
7, 277
List the prime factors of 12159.
3, 7, 193
What are the prime factors of 1406?
2, 19, 37
List the prime factors of 75327.
3, 7, 17, 211
List the prime factors of 3021.
3, 19, 53
What are the prime factors of 99325?
5, 29, 137
List the prime factors of 5610.
2, 3, 5, 11, 17
List the prime factors of 2362.
2, 1181
What are the prime factors of 22053?
3, 7351
What are the prime factors of 25040?
2, 5, 313
List the prime factors of 17321.
17321
What are the prime factors of 1110?
2, 3, 5, 37
List the prime factors of 194.
2, 97
List the prime factors of 2537.
43, 59
What are the prime factors of 965?
5, 193
List the prime factors of 4661.
59, 79
What are the prime factors of 929?
929
List the prime factors of 420.
2, 3, 5, 7
List the prime factors of 88.
2, 11
List the prime factors of 113461.
83, 1367
List the prime factors of 937.
937
What are the prime factors of 1745?
5, 349
What are the prime factors of 37480?
2, 5, 937
What are the prime factors of 303?
3, 101
What are the prime factors of 10221?
3, 3407
List the prime factors of 1589.
7, 227
List the prime factors of 17811.
3, 1979
List the prime factors of 33371.
13, 17, 151
What are the prime factors of 3042?
2, 3, 13
List the prime factors of 354.
2, 3, 59
List the prime factors of 178733.
19, 23, 409
What are the prime factors of 13861?
83, 167
What are the prime factors of 45503?
45503
What are the prime factors of 3580?
2, 5, 179
What are the prime factors of 3665?
5, 733
List the prime factors of 68.
2, 17
What are the prime factors of 8892?
2, 3, 13, 19
List the prime factors of 202.
2, 101
What are the prime factors of 1497?
3, 